{"id":63,"date":"2018-09-21T09:24:05","date_gmt":"2018-09-21T09:24:05","guid":{"rendered":"http:\/\/szspchelmek.pl\/?page_id=63"},"modified":"2018-11-26T11:06:21","modified_gmt":"2018-11-26T11:06:21","slug":"dyrekcja","status":"publish","type":"page","link":"https:\/\/szspchelmek.pl\/?page_id=63","title":{"rendered":"Dyrekcja"},"content":{"rendered":"<p style=\"text-align: center;\"><em><strong>Dyrektor<\/strong> <\/em><\/p>\n<p>mgr Marek Idzik &#8211; absolwent obecnego Uniwersytetu Pedagogicznego w Krakowie na kierunkach: nauki spo\u0142eczne oraz filologia polska, uko\u0144czone studia podyplomowe na Politechnice Krakowskiej kierunek &#8211; organizacja i zarz\u0105dzanie w o\u015bwiacie, nauczyciel dyplomowany, \u017conaty, dwoje dzieci (c\u00f3rka Kamila, syn Jakub), zwi\u0105zany z che\u0142meck\u0105 o\u015bwiat\u0105 od 1991r.,w latach 1994 &#8211; 2007 radny II, III, IV i V kadencji Rady Miejskiej w Che\u0142mku, cz\u0142onek stowarzysze\u0144: Dolina So\u0142y (Lokalna Grupa Dzia\u0142ania), Rodzina Kolpinga w Che\u0142mku, a tak\u017ce cz\u0142onek zarz\u0105du LKS Bobrek. Zainteresowania: literatura, polityka i sport.<\/p>\n<p><img loading=\"lazy\" decoding=\"async\" class=\"size-medium wp-image-269 aligncenter\" src=\"https:\/\/szspchelmek.pl\/wp-content\/uploads\/2018\/11\/dyrektor-600x358.jpg\" alt=\"\" width=\"600\" height=\"358\" srcset=\"https:\/\/szspchelmek.pl\/wp-content\/uploads\/2018\/11\/dyrektor-600x358.jpg 600w, https:\/\/szspchelmek.pl\/wp-content\/uploads\/2018\/11\/dyrektor.jpg 640w\" sizes=\"auto, (max-width: 600px) 100vw, 600px\" \/><\/p>\n<p>&nbsp;<\/p>\n<p style=\"text-align: center;\"><em><strong>Wicedyrektor<\/strong><\/em><\/p>\n<p>mgr Anna Remsak \u2013 absolwentka filologii polskiej na Uniwersytecie Pedagogicznym im. Komisji Edukacji Narodowej w Krakowie (1999 -2004) oraz studi\u00f3w podyplomowych w zakresie: dziennikarstwa, oligofrenopedagogiki, bibliotekoznawstwa i zarz\u0105dzania o\u015bwiat\u0105. Prac\u0119 w naszej szkole rozpocz\u0119\u0142a w 2009 roku. jako nauczyciel j\u0119zyka polskiego. W 2017 roku uzyska\u0142a stopie\u0144 nauczyciela dyplomowanego.<img loading=\"lazy\" decoding=\"async\" class=\"size-medium wp-image-265 aligncenter\" src=\"https:\/\/szspchelmek.pl\/wp-content\/uploads\/2018\/11\/WP_20180416_001-600x337.jpg\" alt=\"\" width=\"600\" height=\"337\" srcset=\"https:\/\/szspchelmek.pl\/wp-content\/uploads\/2018\/11\/WP_20180416_001-600x337.jpg 600w, https:\/\/szspchelmek.pl\/wp-content\/uploads\/2018\/11\/WP_20180416_001-768x431.jpg 768w, https:\/\/szspchelmek.pl\/wp-content\/uploads\/2018\/11\/WP_20180416_001-1140x640.jpg 1140w\" sizes=\"auto, (max-width: 600px) 100vw, 600px\" \/><\/p>\n<p>&nbsp;<\/p>\n<p style=\"text-align: center;\"><em><strong>Wicedyrektor<\/strong><\/em><\/p>\n<p style=\"text-align: left;\">mgr Iwona Bochenek &#8211; nauczyciel dyplomowany. Absolwentka Uniwersytetu \u015al\u0105skiego w Katowicach (Filia w Cieszynie), wydzia\u0142 Pedagogiczno-Artystyczny w zakresie edukacji wczesnoszkolnej studia magisterskie). Uko\u0144czone Studia Podyplomowe \u2013 Pedagogika Specjalna oraz Zarz\u0105dzanie w O\u015bwiacie w \u015al\u0105skiej Wy\u017cszej Szkole Zarz\u0105dzania w Katowicach. Egzaminator Okr\u0119gowej Komisji Egzaminacyjnej. Prac\u0119 w szkole w Che\u0142mku rozpocz\u0119\u0142a 1 wrze\u015bnia 1989 roku jako nauczyciel nauczania zintegrowanego.<\/p>\n","protected":false},"excerpt":{"rendered":"<p>Dyrektor mgr Marek Idzik &#8211; absolwent obecnego Uniwersytetu Pedagogicznego w Krakowie na kierunkach: nauki spo\u0142eczne oraz filologia polska, uko\u0144czone studia podyplomowe na Politechnice Krakowskiej kierunek &#8211; organizacja i zarz\u0105dzanie w o\u015bwiacie, nauczyciel dyplomowany, \u017conaty, dwoje dzieci (c\u00f3rka Kamila, syn Jakub), zwi\u0105zany z che\u0142meck\u0105 o\u015bwiat\u0105 od 1991r.,w latach 1994 &#8211; 2007 radny II, III, IV i <a href=\"https:\/\/szspchelmek.pl\/?page_id=63#more-'\" class=\"more-link\">czytaj <span>\u00bb<\/span><\/a><\/p>\n","protected":false},"author":1,"featured_media":0,"parent":55,"menu_order":4,"comment_status":"closed","ping_status":"closed","template":"","meta":{"footnotes":""},"class_list":["post-63","page","type-page","status-publish","hentry"],"yoast_head":"<!-- This site is optimized with the Yoast SEO plugin v26.5 - https:\/\/yoast.com\/wordpress\/plugins\/seo\/ -->\n<title>Dyrekcja - SZS-P nr 2 w Che\u0142mku<\/title>\n<meta name=\"robots\" content=\"index, follow, max-snippet:-1, max-image-preview:large, max-video-preview:-1\" \/>\n<link rel=\"canonical\" href=\"https:\/\/szspchelmek.pl\/?page_id=63\" \/>\n<meta property=\"og:locale\" content=\"pl_PL\" \/>\n<meta property=\"og:type\" content=\"article\" \/>\n<meta property=\"og:title\" content=\"Dyrekcja - SZS-P nr 2 w Che\u0142mku\" \/>\n<meta property=\"og:description\" content=\"Dyrektor mgr Marek Idzik &#8211; absolwent obecnego Uniwersytetu Pedagogicznego w Krakowie na kierunkach: nauki spo\u0142eczne oraz filologia polska, uko\u0144czone studia podyplomowe na Politechnice Krakowskiej kierunek &#8211; organizacja i zarz\u0105dzanie w o\u015bwiacie, nauczyciel dyplomowany, \u017conaty, dwoje dzieci (c\u00f3rka Kamila, syn Jakub), zwi\u0105zany z che\u0142meck\u0105 o\u015bwiat\u0105 od 1991r.,w latach 1994 &#8211; 2007 radny II, III, IV i czytaj \u00bb\" \/>\n<meta property=\"og:url\" content=\"https:\/\/szspchelmek.pl\/?page_id=63\" \/>\n<meta property=\"og:site_name\" content=\"SZS-P nr 2 w Che\u0142mku\" \/>\n<meta property=\"article:modified_time\" content=\"2018-11-26T11:06:21+00:00\" \/>\n<meta property=\"og:image\" content=\"http:\/\/szspchelmek.pl\/wp-content\/uploads\/2018\/11\/dyrektor-600x358.jpg\" \/>\n<meta name=\"twitter:card\" content=\"summary_large_image\" \/>\n<meta name=\"twitter:label1\" content=\"Szacowany czas czytania\" \/>\n\t<meta name=\"twitter:data1\" content=\"1 minuta\" \/>\n<script type=\"application\/ld+json\" class=\"yoast-schema-graph\">{\"@context\":\"https:\/\/schema.org\",\"@graph\":[{\"@type\":\"WebPage\",\"@id\":\"https:\/\/szspchelmek.pl\/?page_id=63\",\"url\":\"https:\/\/szspchelmek.pl\/?page_id=63\",\"name\":\"Dyrekcja - SZS-P nr 2 w Che\u0142mku\",\"isPartOf\":{\"@id\":\"https:\/\/szspchelmek.pl\/#website\"},\"primaryImageOfPage\":{\"@id\":\"https:\/\/szspchelmek.pl\/?page_id=63#primaryimage\"},\"image\":{\"@id\":\"https:\/\/szspchelmek.pl\/?page_id=63#primaryimage\"},\"thumbnailUrl\":\"http:\/\/szspchelmek.pl\/wp-content\/uploads\/2018\/11\/dyrektor-600x358.jpg\",\"datePublished\":\"2018-09-21T09:24:05+00:00\",\"dateModified\":\"2018-11-26T11:06:21+00:00\",\"breadcrumb\":{\"@id\":\"https:\/\/szspchelmek.pl\/?page_id=63#breadcrumb\"},\"inLanguage\":\"pl-PL\",\"potentialAction\":[{\"@type\":\"ReadAction\",\"target\":[\"https:\/\/szspchelmek.pl\/?page_id=63\"]}]},{\"@type\":\"ImageObject\",\"inLanguage\":\"pl-PL\",\"@id\":\"https:\/\/szspchelmek.pl\/?page_id=63#primaryimage\",\"url\":\"http:\/\/szspchelmek.pl\/wp-content\/uploads\/2018\/11\/dyrektor-600x358.jpg\",\"contentUrl\":\"http:\/\/szspchelmek.pl\/wp-content\/uploads\/2018\/11\/dyrektor-600x358.jpg\"},{\"@type\":\"BreadcrumbList\",\"@id\":\"https:\/\/szspchelmek.pl\/?page_id=63#breadcrumb\",\"itemListElement\":[{\"@type\":\"ListItem\",\"position\":1,\"name\":\"Strona g\u0142\u00f3wna\",\"item\":\"https:\/\/szspchelmek.pl\/\"},{\"@type\":\"ListItem\",\"position\":2,\"name\":\"Menu g\u0142\u00f3wne\",\"item\":\"https:\/\/szspchelmek.pl\/?page_id=55\"},{\"@type\":\"ListItem\",\"position\":3,\"name\":\"Dyrekcja\"}]},{\"@type\":\"WebSite\",\"@id\":\"https:\/\/szspchelmek.pl\/#website\",\"url\":\"https:\/\/szspchelmek.pl\/\",\"name\":\"SZS-P nr 2 w Che\u0142mku\",\"description\":\"Samorz\u0105dowy Zesp\u00f3\u0142 Szkolno-Przedszkolny nr 2 w Che\u0142mku\",\"publisher\":{\"@id\":\"https:\/\/szspchelmek.pl\/#organization\"},\"potentialAction\":[{\"@type\":\"SearchAction\",\"target\":{\"@type\":\"EntryPoint\",\"urlTemplate\":\"https:\/\/szspchelmek.pl\/?s={search_term_string}\"},\"query-input\":{\"@type\":\"PropertyValueSpecification\",\"valueRequired\":true,\"valueName\":\"search_term_string\"}}],\"inLanguage\":\"pl-PL\"},{\"@type\":\"Organization\",\"@id\":\"https:\/\/szspchelmek.pl\/#organization\",\"name\":\"Samorz\u0105dowy Zesp\u00f3\u0142 Szkolno-Przedszkolny nr 2\",\"url\":\"https:\/\/szspchelmek.pl\/\",\"logo\":{\"@type\":\"ImageObject\",\"inLanguage\":\"pl-PL\",\"@id\":\"https:\/\/szspchelmek.pl\/#\/schema\/logo\/image\/\",\"url\":\"https:\/\/szspchelmek.pl\/wp-content\/uploads\/2018\/09\/logo.png\",\"contentUrl\":\"https:\/\/szspchelmek.pl\/wp-content\/uploads\/2018\/09\/logo.png\",\"width\":500,\"height\":93,\"caption\":\"Samorz\u0105dowy Zesp\u00f3\u0142 Szkolno-Przedszkolny nr 2\"},\"image\":{\"@id\":\"https:\/\/szspchelmek.pl\/#\/schema\/logo\/image\/\"}}]}<\/script>\n<!-- \/ Yoast SEO plugin. -->","yoast_head_json":{"title":"Dyrekcja - SZS-P nr 2 w Che\u0142mku","robots":{"index":"index","follow":"follow","max-snippet":"max-snippet:-1","max-image-preview":"max-image-preview:large","max-video-preview":"max-video-preview:-1"},"canonical":"https:\/\/szspchelmek.pl\/?page_id=63","og_locale":"pl_PL","og_type":"article","og_title":"Dyrekcja - SZS-P nr 2 w Che\u0142mku","og_description":"Dyrektor mgr Marek Idzik &#8211; absolwent obecnego Uniwersytetu Pedagogicznego w Krakowie na kierunkach: nauki spo\u0142eczne oraz filologia polska, uko\u0144czone studia podyplomowe na Politechnice Krakowskiej kierunek &#8211; organizacja i zarz\u0105dzanie w o\u015bwiacie, nauczyciel dyplomowany, \u017conaty, dwoje dzieci (c\u00f3rka Kamila, syn Jakub), zwi\u0105zany z che\u0142meck\u0105 o\u015bwiat\u0105 od 1991r.,w latach 1994 &#8211; 2007 radny II, III, IV i czytaj \u00bb","og_url":"https:\/\/szspchelmek.pl\/?page_id=63","og_site_name":"SZS-P nr 2 w Che\u0142mku","article_modified_time":"2018-11-26T11:06:21+00:00","og_image":[{"url":"http:\/\/szspchelmek.pl\/wp-content\/uploads\/2018\/11\/dyrektor-600x358.jpg","type":"","width":"","height":""}],"twitter_card":"summary_large_image","twitter_misc":{"Szacowany czas czytania":"1 minuta"},"schema":{"@context":"https:\/\/schema.org","@graph":[{"@type":"WebPage","@id":"https:\/\/szspchelmek.pl\/?page_id=63","url":"https:\/\/szspchelmek.pl\/?page_id=63","name":"Dyrekcja - SZS-P nr 2 w Che\u0142mku","isPartOf":{"@id":"https:\/\/szspchelmek.pl\/#website"},"primaryImageOfPage":{"@id":"https:\/\/szspchelmek.pl\/?page_id=63#primaryimage"},"image":{"@id":"https:\/\/szspchelmek.pl\/?page_id=63#primaryimage"},"thumbnailUrl":"http:\/\/szspchelmek.pl\/wp-content\/uploads\/2018\/11\/dyrektor-600x358.jpg","datePublished":"2018-09-21T09:24:05+00:00","dateModified":"2018-11-26T11:06:21+00:00","breadcrumb":{"@id":"https:\/\/szspchelmek.pl\/?page_id=63#breadcrumb"},"inLanguage":"pl-PL","potentialAction":[{"@type":"ReadAction","target":["https:\/\/szspchelmek.pl\/?page_id=63"]}]},{"@type":"ImageObject","inLanguage":"pl-PL","@id":"https:\/\/szspchelmek.pl\/?page_id=63#primaryimage","url":"http:\/\/szspchelmek.pl\/wp-content\/uploads\/2018\/11\/dyrektor-600x358.jpg","contentUrl":"http:\/\/szspchelmek.pl\/wp-content\/uploads\/2018\/11\/dyrektor-600x358.jpg"},{"@type":"BreadcrumbList","@id":"https:\/\/szspchelmek.pl\/?page_id=63#breadcrumb","itemListElement":[{"@type":"ListItem","position":1,"name":"Strona g\u0142\u00f3wna","item":"https:\/\/szspchelmek.pl\/"},{"@type":"ListItem","position":2,"name":"Menu g\u0142\u00f3wne","item":"https:\/\/szspchelmek.pl\/?page_id=55"},{"@type":"ListItem","position":3,"name":"Dyrekcja"}]},{"@type":"WebSite","@id":"https:\/\/szspchelmek.pl\/#website","url":"https:\/\/szspchelmek.pl\/","name":"SZS-P nr 2 w Che\u0142mku","description":"Samorz\u0105dowy Zesp\u00f3\u0142 Szkolno-Przedszkolny nr 2 w Che\u0142mku","publisher":{"@id":"https:\/\/szspchelmek.pl\/#organization"},"potentialAction":[{"@type":"SearchAction","target":{"@type":"EntryPoint","urlTemplate":"https:\/\/szspchelmek.pl\/?s={search_term_string}"},"query-input":{"@type":"PropertyValueSpecification","valueRequired":true,"valueName":"search_term_string"}}],"inLanguage":"pl-PL"},{"@type":"Organization","@id":"https:\/\/szspchelmek.pl\/#organization","name":"Samorz\u0105dowy Zesp\u00f3\u0142 Szkolno-Przedszkolny nr 2","url":"https:\/\/szspchelmek.pl\/","logo":{"@type":"ImageObject","inLanguage":"pl-PL","@id":"https:\/\/szspchelmek.pl\/#\/schema\/logo\/image\/","url":"https:\/\/szspchelmek.pl\/wp-content\/uploads\/2018\/09\/logo.png","contentUrl":"https:\/\/szspchelmek.pl\/wp-content\/uploads\/2018\/09\/logo.png","width":500,"height":93,"caption":"Samorz\u0105dowy Zesp\u00f3\u0142 Szkolno-Przedszkolny nr 2"},"image":{"@id":"https:\/\/szspchelmek.pl\/#\/schema\/logo\/image\/"}}]}},"_links":{"self":[{"href":"https:\/\/szspchelmek.pl\/index.php?rest_route=\/wp\/v2\/pages\/63","targetHints":{"allow":["GET"]}}],"collection":[{"href":"https:\/\/szspchelmek.pl\/index.php?rest_route=\/wp\/v2\/pages"}],"about":[{"href":"https:\/\/szspchelmek.pl\/index.php?rest_route=\/wp\/v2\/types\/page"}],"author":[{"embeddable":true,"href":"https:\/\/szspchelmek.pl\/index.php?rest_route=\/wp\/v2\/users\/1"}],"replies":[{"embeddable":true,"href":"https:\/\/szspchelmek.pl\/index.php?rest_route=%2Fwp%2Fv2%2Fcomments&post=63"}],"version-history":[{"count":6,"href":"https:\/\/szspchelmek.pl\/index.php?rest_route=\/wp\/v2\/pages\/63\/revisions"}],"predecessor-version":[{"id":719,"href":"https:\/\/szspchelmek.pl\/index.php?rest_route=\/wp\/v2\/pages\/63\/revisions\/719"}],"up":[{"embeddable":true,"href":"https:\/\/szspchelmek.pl\/index.php?rest_route=\/wp\/v2\/pages\/55"}],"wp:attachment":[{"href":"https:\/\/szspchelmek.pl\/index.php?rest_route=%2Fwp%2Fv2%2Fmedia&parent=63"}],"curies":[{"name":"wp","href":"https:\/\/api.w.org\/{rel}","templated":true}]}}